he prime factors of 14011.
14011
What are the prime factors of 4294?
2, 19, 113
List the prime factors of 20309.
23, 883
List the prime factors of 68218.
2, 23, 1483
What are the prime factors of 5880?
2, 3, 5, 7
What are the prime factors of 562?
2, 281
What are the prime factors of 98209?
17, 53, 109
What are the prime factors of 2138?
2, 1069
List the prime factors of 76769.
7, 11, 997
List the prime factors of 15.
3, 5
List the prime factors of 1412.
2, 353
List the prime factors of 1553.
1553
List the prime factors of 581.
7, 83
List the prime factors of 3702.
2, 3, 617
List the prime factors of 60447.
3, 20149
What are the prime factors of 161275?
5, 6451
List the prime factors of 6957.
3, 773
What are the prime factors of 9815?
5, 13, 151
List the prime factors of 82385.
5, 16477
What are the prime factors of 1370?
2, 5, 137
What are the prime factors of 2142?
2, 3, 7, 17
What are the prime factors of 8895?
3, 5, 593
List the prime factors of 3912.
2, 3, 163
List the prime factors of 7394.
2, 3697
What are the prime factors of 40764?
2, 3, 43, 79
What are the prime factors of 2284?
2, 571
What are the prime factors of 500?
2, 5
What are the prime factors of 57335?
5, 11467
What are the prime factors of 1337?
7, 191
What are the prime factors of 50107?
89, 563
What are the prime factors of 18437?
103, 179
List the prime factors of 1337.
7, 191
List the prime factors of 706.
2, 353
List the prime factors of 2478.
2, 3, 7, 59
What are the prime factors of 5692?
2, 1423
List the prime factors of 621.
3, 23
List the prime factors of 6559.
7, 937
What are the prime factors of 12937?
17, 761
List the prime factors of 7191.
3, 17, 47
List the prime factors of 52124.
2, 83, 157
What are the prime factors of 18213?
3, 13, 467
List the prime factors of 25313.
17, 1489
List the prime factors of 200.
2, 5
What are the prime factors of 5231?
5231
List the prime factors of 11173.
11173
List the prime factors of 1448.
2, 181
What are the prime factors of 1353?
3, 11, 41
What are the prime factors of 20803?
71, 293
What are the prime factors of 10524?
2, 3, 877
List the prime factors of 22545.
3, 5, 167
What are the prime factors of 8378?
2, 59, 71
List the prime factors of 66767.
179, 373
What are the prime factors of 675?
3, 5
List the prime factors of 35998.
2, 41, 439
List the prime factors of 2892.
2, 3, 241
What are the prime factors of 2135?
5, 7, 61
List the prime factors of 30136.
2, 3767
What are the prime factors of 1720?
2, 5, 43
What are the prime factors of 1242?
2, 3, 23
What are the prime factors of 4401?
3, 163
What are the prime factors of 32468?
2, 8117
What are the prime factors of 41868?
2, 3, 1163
What are the prime factors of 41785?
5, 61, 137
List the prime factors of 1090.
2, 5, 109
List the prime factors of 1813.
7, 37
What are the prime factors of 208?
2, 13
List the prime factors of 14495.
5, 13, 223
What are the prime factors of 3054?
2, 3, 509
What are the prime factors of 2028?
2, 3, 13
What are the prime factors of 16055?
5, 13, 19
What are the prime factors of 6313?
59, 107
List the prime factors of 2210.
2, 5, 13, 17
List the prime factors of 5241.
3, 1747
List the prime factors of 9021.
3, 31, 97
List the prime factors of 5700.
2, 3, 5, 19
List the prime factors of 507.
3, 13
What are the prime factors of 2214?
2, 3, 41
List the prime factors of 1165.
5, 233
What are the prime factors of 48481?
48481
List the prime factors of 83043.
3, 9227
What are the prime factors of 87584?
2, 7, 17, 23
List the prime factors of 2422.
2, 7, 173
What are the prime factors of 20343?
3, 6781
What are the prime factors of 149464?
2, 7, 17, 157
List the prime factors of 87603.
3, 29201
What are the prime factors of 1642?
2, 821
What are the prime factors of 114582?
2, 3, 13, 113
What are the prime factors of 27917?
27917
What are the prime factors of 3557?
3557
What are the prime factors of 79293?
3, 26431
What are the prime factors of 738?
2, 3, 41
List the prime factors of 64513.
64513
List the prime factors of 12879.
3, 53
What are the prime factors of 16823?
16823
What are the prime factors of 4964?
2, 17, 73
List the prime factors of 196.
2, 7
What are the prime factors of 25775?
5, 1031
What are the prime factors of 125912?
2, 15739
List the prime factors of 12922.
2, 7, 13, 71
List the prime factors of 643.
643
List the prime factors of 409.
409
List the prime factors of 4911.
3, 1637
What are the prime factors of 113661?
3, 73, 173
List the prime factors of 1044.
2, 3, 29
What are the prime factors of 34658?
2, 13, 31, 43
List the prime factors of 870.
2, 3, 5, 29
What are the prime factors of 22702?
2, 11351
What are the prime factors of 708?
2, 3, 59
What are the prime factors of 84?
2, 3, 7
List the prime factors of 8655.
3, 5, 577
What are the prime factors of 376?
2, 47
List the prime factors of 51085.
5, 17, 601
What are the prime factors of 61312?
2, 479
What are the prime factors of 5029?
47, 107
What are the prime factors of 3221?
3221
List the prime factors of 111058.
2, 55529
What are the prime factors of 5698?
2, 7, 11, 37
List the prime factors of 12270.
2, 3, 5, 409
List the prime factors of 1007.
19, 53
List the prime factors of 7241.
13, 557
What are the prime factors of 4647?
3, 1549
What are the prime factors of 963?
3, 107
What are the prime factors of 1389?
3, 463
List the prime factors of 67.
67
List the prime factors of 4256.
2, 7, 19
What are the prime factors of 3943?
3943
What are the prime factors of 2301?
3, 13, 59
What are the prime factors of 124625?
5, 997
List the prime factors of 830.
2, 5, 83
List the prime factors of 1940.
2, 5, 97
List the prime factors of 7153.
23, 311
List the prime factors of 7727.
7727
List the prime factors of 8442.
2, 3, 7, 67
List the prime factors of 2803.
2803
What are the prime factors of 14988?
2, 3, 1249
What are the prime factors of 11299?
11299
List the prime factors of 4832.
2, 151
What are the prime factors of 10642?
2, 17, 313
What are the prime factors of 1835?
5, 367
List the prime factors of 526.
2, 263
List the prime factors of 8367.
3, 2789
List the prime factors of 41626.
2, 13, 1601
What are the prime factors of 8586?
2, 3, 53
What are the prime factors of 11512?
2, 1439
List the prime factors of 1764.
2, 3, 7
List the prime factors of 4135.
5, 827
What are the prime factors of 65?
5, 13
What are the prime factors of 3023?
3023
What are the prime factors of 25639?
25639
List the prime factors of 757.
757
List the prime factors of 4214.
2, 7, 43
List the prime factors of 72971.
43, 1697
List the prime factors of 802.
2, 401
What are the prime factors of 168?
2, 3, 7
List the prime factors of 2052.
2, 3, 19
List the prime factors of 1812.
2, 3, 151
List the prime factors of 10606.
2, 5303
What are the prime factors of 47830?
2, 5, 4783
List the prime factors of 2144.
2, 67
What are the prime factors of 1033?
1033
List the prime factors of 29020.
2, 5, 1451
List the prime factors of 1243.
11, 113
List the prime factors of 5698.
2, 7, 11, 37
List the prime factors of 31436.
2, 29, 271
What are the prime factors of 17522?
2, 8761
What are the prime factors of 2460?
2, 3, 5, 41
List the prime factors of 2071.
19, 109
List the prime factors of 1162.
2, 7, 83
List the prime factors of 8641.
8641
What are the prime factors of 31677?
3, 10559
What are the prime factors of 20356?
2, 7, 727
List the prime factors of 4264.
2, 13, 41
What are the prime factors of 5127?
3, 1709
What are the prime factors of 33101?
79, 419
List the prime factors of 858.
2, 3, 11, 13
What are the prime factors of 27178?
2, 107, 127
What are the prime factors of 35009?
13, 2693
What are the prime factors of 15770?
2, 5, 19, 83
List the prime factors of 853.
853
What are the prime factors of 882?
2, 3, 7
List the prime factors of 196.
2, 7
List the prime factors of 77302.
2, 38651
What are the prime factors of 10882?
2, 5441
List the prime factors of 76302.
2, 3, 157
What are the prime factors of 9504?
2, 3, 11
What are the prime factors of 9025?
5, 19
What are the prime factors of 55185?
3, 5, 13, 283
What are the prime factors of 1635?
3, 5, 109
List the prime factors of 11080.
2, 5, 277
What are the prime factors of 2876?
2, 719
List the prime factors of 99.
3, 11
List the prime fac